derivative of t**5/20 + t**4 - 5*t**3/2 - 13*t**2/2 - 2*t. Let p be w(-12). Let y = p - 110. List the prime factors of y.
3, 19
Let y = -110 - -112. Suppose 369 + 528 = 3*x + 3*m, 3*x + y*m - 892 = 0. List the prime factors of x.
2, 3, 7
Let a = -688 + -1033. Let t = a - -2768. What are the prime factors of t?
3, 349
Let i(a) be the first derivative of -115*a**2/2 - 27*a - 120. What are the prime factors of i(-3)?
2, 3, 53
Let j(z) be the second derivative of 2*z**3 + 16*z**2 - 5*z. Let p be -2 + 7 + 0 - (12 + -12). What are the prime factors of j(p)?
2, 23
Suppose -7*j = -13 - 8. Let y(n) = 0*n - 4 + 2*n + 2*n**2 - j*n - 80*n**3 + 2. What are the prime factors of y(-1)?
3
Let f be 35/140 - 27/(-4). Suppose 3*x - f*x - 4*k + 1624 = 0, -x + 2*k + 406 = 0. List the prime factors of x.
2, 7, 29
Let l = -114 - -301. Let x = -95 + l. Suppose -2*y - 26 = -x. List the prime factors of y.
3, 11
Suppose 5*l = 20*f - 22*f - 1976, 2*f - 4*l = -1994. Let y = f + 1794. List the prime factors of y.
3, 89
Suppose -5*u - 37 = 4*k, 0 = 3*k - u + 3*u + 26. Let t be (-2)/k - (3471/12)/1. Let c = -122 - t. List the prime factors of c.
167
Let r = 16040 + -9748. What are the prime factors of r?
2, 11, 13
Suppose b - 52159 = -5*f, f - 273*b = -269*b + 10436. What are the prime factors of f?
2, 163
Suppose -8*g - 2*g = -6400. List the prime factors of g + 1/(6/(-36)).
2, 317
Suppose 244*u - 1138419 - 8752853 = 0. List the prime factors of u.
2, 20269
Let j = 17467 - 10593. List the prime factors of j.
2, 7, 491
What are the prime factors of (-8)/20 - ((-462882)/30 + -1 + 1)?
3, 37, 139
Suppose 2*k + y - 652 = -k, -4*y - 20 = 0. Suppose -3*j = -v - 341, -v + k = j + j. Let r = j - -44. List the prime factors of r.
2, 3, 13
Suppose -5*l = 10, 3*k - 5*l - 2100 + 464 = 0. Suppose -11*p + 8044 = k. What are the prime factors of p?
2, 11, 31
Let m = -28 - -50. Let q = 42 - m. Let a = 24 - q. List the prime factors of a.
2
Let s be (0/2 + 22)/(-1). Let r(w) be the first derivative of -11*w**2/2 - 48*w - 25. List the prime factors of r(s).
2, 97
Suppose 3 = -17*f + 18*f. Suppose -9*x + 4*w + 2104 = -7*x, f*w = x - 1053. What are the prime factors of x?
2, 3, 5, 7
List the prime factors of (-78)/(-702)*-45 - (-1)/(2/59146).
2, 3, 7, 11
Let q(h) = -1043*h**3 - 2*h**2 - 31*h - 63. What are the prime factors of q(-3)?
3, 9391
Suppose -5*y = -2*b + 126, -100 = 4*y + 4*b - 6*b. Let c = 190 + y. List the prime factors of c.
2, 41
Let x(j) = 54*j**2 + 17*j + 47. Let r = -28 + 25. List the prime factors of x(r).
2, 241
Let p(b) = b**2 + 28*b + 92. Let i be p(-26). What are the prime factors of -5*(-12)/i*2368/3?
2, 37
Suppose -756 + 5591 = -4*n - v, 0 = 3*v - 15. Let s = n + 1974. List the prime factors of s.
2, 191
Suppose 0 = 5*q - 3*q + 76. List the prime factors of -28*(2 + q/20)*-95.
2, 7, 19
Suppose -s = 1, -4*w = -2*s + 3*s - 11. Let c be w*(-5)/45*-183. Suppose -5*l = 5*y - 361 + 96, -c = -l - 3*y. What are the prime factors of l?
7
Let r(f) = 4*f**3 + 28*f**2 - 2*f - 56. Let v(y) = y**3 + 9*y**2 - y - 19. Let q(b) = 3*r(b) - 10*v(b). List the prime factors of q(7).
2, 13, 17
Let u = 5 + -23. List the prime factors of -22*(1 + u + (-17 - -15)).
2, 11, 19
What are the prime factors of (34596/(-16) + -5)*(-5 + 11 + -10)?
8669
List the prime factors of 5/(225/(-36)) + (-307598)/(-10).
3, 10253
Let t(z) be the first derivative of -2*z**3/3 + 7*z**2/2 - 5*z + 2. Let f be t(7). Let q = f - -77. List the prime factors of q.
23
Let t(u) = -24*u + 216. Let b be t(-10). Let c = b + -221. List the prime factors of c.
5, 47
Let w be 4480*1/((-40)/48). What are the prime factors of ((-6)/(-4))/1*w/(-9)?
2, 7
Let v(u) = -2*u**3 - 16*u**2 - 8. Let i be v(-12). Let g = i - 628. What are the prime factors of g?
2, 3, 43
Let k(p) = -41*p**2 + 3*p - 4. Suppose 0 = 3*f + 5 - 11. Let s be k(f). Let c = -42 - s. List the prime factors of c.
2, 3, 5
Let w(u) = -2*u**2 - u + 22. Let s be w(-4). Suppose -2*x - 2*r = 3*x - 49, 3*x - 29 = -r. What are the prime factors of (s/x)/((9/3)/(-459))?
2, 3, 17
Let d be (-22)/77*-28*107/(-4). Let f = d - -359. What are the prime factors of f?
5, 29
Let j be (-167 + 1)/(12/(-96)). Suppose 0 = -13*z + 11*z - j. List the prime factors of ((-4)/(-8))/((-4)/z).
83
Let l(h) = h**3 + 19*h**2 - 25*h + 12. Suppose 2*a = -2, r + 5*a - 3 + 26 = 0. List the prime factors of l(r).
2, 3, 131
Let m(f) be the first derivative of 0*f**2 + 1/3*f**3 - 2*f - 11. What are the prime factors of m(-7)?
47
Suppose 0 = 35*x + 10 - 45. What are the prime factors of (-3 - (-3 + x))*-73?
73
What are the prime factors of (69072/16 + -9)*5/2?
2, 3, 5, 359
Let k = -30 + 32. Let a(t) = 22*t**3 + 5*t**2 - t + 4. What are the prime factors of a(k)?
2, 3, 11
List the prime factors of (1213853/(-57) + 22)*-3.
19, 3359
Suppose -g + 5*t + 9878 = 0, 0 = 4*g - 60*t + 55*t - 39527. What are the prime factors of g?
9883
Let v(z) = -z**2 + z. Let c(l) = 2*l**2 - 4. Let m(q) = q**2 - 1. Let t(s) = -4*c(s) + 11*m(s). Let h(d) = -t(d) - 4*v(d). What are the prime factors of h(11)?
2, 3
Suppose 2*d + 29*d - 373865 = -84*d. What are the prime factors of d?
3251
What are the prime factors of ((-2)/15*3513)/((-6)/180)?
2, 3, 1171
Suppose -6*q + 12 = -8*q. Let z be 4/6*1143/q. Let p = -58 - z. What are the prime factors of p?
3, 23
Let z(d) = 4*d**2 + 3*d - 1. Let o be z(1). List the prime factors of (-1228)/o*(25 + -28).
2, 307
Suppose 4 = p, -60*p + 417776 = 5*g - 61*p. What are the prime factors of g?
2, 3, 11, 211
Suppose 4*x - 2*z - 49492 = 26008, 2*z = -5*x + 94348. What are the prime factors of x?
2, 7, 337
Let k(m) = 2*m**3 + 3*m**2 - 2. Let b be k(1). Let i be 42/28*1724/b. What are the prime factors of i/12 - 14/(-84)?
2, 3
Let d(z) be the second derivative of -z**5/20 + z**4/12 + 13*z**3/6 + 5*z**2 + 2*z + 63. List the prime factors of d(4).
2, 7
Let r = -52 + 58. Let t(z) = r*z + 9 + 2*z**2 - 43 + 6*z + 3*z. What are the prime factors of t(-13)?
109
Let i(q) = -q**2 - 29*q + 13. Let r be i(0). Suppose 0 = -15*f + r*f + 1280. What are the prime factors of f?
2, 5
Let c(g) = 37*g - 47*g - 239 + 239 - 2*g**2. Let h = -15 - -11. List the prime factors of c(h).
2
Let s be 4138/12 + 12*(-12)/(-864). Suppose s - 1605 = -14*q. What are the prime factors of q?
2, 3, 5
Suppose 40*h - 2380383 + 543423 = 0. List the prime factors of h.
2, 3, 43, 89
Suppose -3*l = -5*v - 5060 - 2026, -11836 = -5*l + 4*v. List the prime factors of l.
2, 593
Suppose 4*p = 28 - 24, -2*t + 43239 = -5*p. List the prime factors of t.
2, 19, 569
Let r(s) = 2*s**2 - 79*s + 204. List the prime factors of r(-148).
2, 3, 11, 211
Suppose 2*j - 356 = -2*g + 160, 0 = -2*j - 6. Let u = g - -29. What are the prime factors of u?
2, 5, 29
Suppose 10*n = -514 + 1254. Let r = 5 - 2. List the prime factors of (n + r)*(-2)/(-2).
7, 11
Let r = 2609 + -2622. Let z(t) = 6 + 2*t**2 + 0*t + 8*t - t**2. What are the prime factors of z(r)?
71
Suppose r = 4*i + 12, 4*i = 3*r + 7*i - 21. Suppose r = 3*o + 8. Suppose o = -2*x + z - 2*z + 251, -2*x - 4*z = -260. What are the prime factors of x?
2, 31
Let u = -1322 - -2350. Suppose 25 = -5*l, -u = -4*c + 2*l + 1322. List the prime factors of c.
3, 5, 13
Let y be 146/6 + 2/(-6). Suppose 10 = -q - 4*a + 37, 0 = -2*q - 2*a + y. Suppose 3*j - 94 = -q. List the prime factors of j.
29
Let f = 5608 - 3844. What are the prime factors of f?
2, 3, 7
Suppose 4*b - 3*a + 14 = 39, 2*a - 2 = -2*b. Suppose 115 = -2*s + v + 967, 0 = -5*s + b*v + 2136. What are the prime factors of s?
2, 53
Let i = -44 - -46. Suppose 151 = -i*k - 329. Let s = -101 - k. List the prime factors of s.
139
Suppose -2 = 2*c, 0*j - 2*c = 5*j + 242. Let r = 124 - 37. Let a = j + r. What are the prime factors of a?
3, 13
Suppose -4*a = -5*s - 5*a + 27, 6 = 2*s - 2*a. What are the prime factors of (-66)/(-55) + 1944/s?
2, 3, 5, 13
Let m(v) = -65*v + 5953. What are the prime factors of m(-52)?
3, 17, 61
Suppose 8*d = 16*d + 56. Let v be 8 + d - (-2 + -469). Suppose -o - 5*p + 34 + 76 = 0, 5*o = p + v. List the prime factors of o.
5, 19
Let i(t) = 3580*t - 5257. List the prime factors of i(6).
16223
Suppose 5*u + 2*a - 10 = -3*a, 0 = a - 4. Let m(p) = -98*p + 66. Let f(v) = -39*v + 26. Let w(o) = -12*f(o) + 5*m(o). What are the prime factors of w(u)?
2